f p?
6
Let s be 10/(-5) + (-40)/2. Let n = 24 + s. Suppose -2*h = 2*h + n*y - 54, -3*h + 43 = 4*y. What is the tens digit of h?
1
Suppose 0*y + 2*y = -4*s + 25282, 4*y - 3*s - 50619 = 0. What is the thousands digit of y?
2
Let f be -1 - (-1)/(3 - 2). Suppose -15 = 3*a, 2*n + n - 2*a - 1036 = f. What is the tens digit of n?
4
Let n(q) = 7*q - 10. Let k(s) = -4*s + 11. Let x(c) = -6*k(c) - 7*n(c). What is the units digit of x(-3)?
9
Let a = 5 - 2. Suppose -3052 = -5*h - 4*l, -a*l + 1012 + 1430 = 4*h. What is the units digit of h?
2
Suppose 5*o + 15 = 3*k, 3 = 4*k - 7*k - o. Suppose k = 28*l - 8939 + 3059. What is the hundreds digit of l?
2
Let q be (-82)/(-7) - (36/21 + -2). Suppose -33 = -q*f + f. Suppose 46 = i + 5*w, -8*i + 4*w + 201 = -f*i. What is the units digit of i?
1
Let y be 24/120 + (-5338)/(-10). Let u = y - -674. What is the tens digit of u?
0
Let y(c) = 160*c + 3. Let b be y(-2). Let f = 513 + b. Suppose 0 = -0*x - 2*x + f. What is the units digit of x?
8
Let d(b) = -31553*b**3 + 19*b**2 - 2*b - 2. What is the ten thousands digit of d(-1)?
3
Suppose 2*d = -8, 0*o + 4*o - 2*d = 29348. What is the thousands digit of o?
7
Let i(o) = -o**2 - 30*o + 25. Let j(b) = -2*b**2 + 20*b + 5. Let a be j(10). Suppose 5*k + a*p = -100, 0 = 3*k + 2*p + 57. What is the units digit of i(k)?
6
Suppose -6 = -10*j + 7*j. Suppose 60 = j*o + 2*o. Let z = o - -63. What is the units digit of z?
8
Let o = 37 - 34. Suppose i - 3*i + 15 = -5*t, o*i + 3*t + 30 = 0. What is the tens digit of (2 + 422/(-5))/(2/i)?
0
Let a be (84/35)/((-9)/(-150)). Let u be (45/36)/((-2)/a). What is the units digit of (-2 - u/10)*46?
3
Suppose -10*n + 1455 = -5*n. Suppose 0 = -6*d + n + 597. What is the hundreds digit of d?
1
Let o = 224698 + -149884. What is the thousands digit of o?
4
What is the thousands digit of 2275266/60 + 7 - (-13)/(-130)?
7
Suppose 3*c - 21223 = 5*o, 1823 + 12309 = 2*c + 5*o. What is the units digit of c?
1
Suppose -5*n = -i + 11051, 49918 = 5*i + 2*n - 5202. What is the tens digit of i?
2
Let s be 0 + (91/(-26))/(1/(-4)). Suppose 12*a = s*a - 10. Suppose -3*i - 5*j + 166 + 319 = 0, -829 = -a*i + 2*j. What is the units digit of i?
5
Suppose -n = 8*y - 3*y - 27, -33 = -3*y + 5*n. Suppose y*c = 2*c + 20. What is the hundreds digit of (c/(-15))/(3/(-1017))?
1
Suppose -63 = 10*y - 3*y. What is the tens digit of (y - -7 - (-5)/2)*604?
0
Let u = 1024 + 5870. What is the tens digit of u?
9
Suppose -j + 38031 - 1529 = 4*m, -3*j + 109560 = 3*m. What is the tens digit of j?
2
Let x be 1*(34 + (-3 - 1)). Let z = -27 + x. Suppose -z*j + 4 = -2*r - 7, 0 = -2*j - r + 5. What is the units digit of j?
3
What is the tens digit of 14 + 4272/(-312) - (-1246506)/39?
6
Let h = -301 - 298. Let m = h - -868. What is the tens digit of m?
6
Suppose 0 = 3*o - 3*h - 15300, -5*o + 27915 = -2*h + 2409. What is the units digit of o?
2
Let d be ((-14583)/(-4))/((270/(-48))/(-15)). Suppose -1130 = 16*c - d. What is the hundreds digit of c?
5
Let v(y) = y**3 - 20*y**2 + 255*y - 63. What is the hundreds digit of v(37)?
6
Let s(z) = z**3 + 30*z**2 + 2*z + 62. Let o be s(-30). Suppose o*u - 384 - 1644 = 0. What is the tens digit of u?
1
Let i = 244 + -241. Suppose -1 = -i*v + 1592. What is the tens digit of v?
3
Suppose 21 = 2*d + 3*y, 2*d - y + 6*y - 31 = 0. Let b(m) = 19*m - 51. Let l(x) = 18*x - 54. Let g(c) = 5*b(c) - 4*l(c). What is the units digit of g(d)?
0
Suppose -246*c = 106*c - 4956864. What is the thousands digit of c?
4
Let m(c) = 34*c**2 - 4*c - 24. Let a(z) = 34*z**2 - 6*z - 27. Let u(s) = 5*a(s) - 4*m(s). What is the units digit of u(-5)?
1
Let v(u) be the third derivative of 0 - 2*u**3 + 1/6*u**4 + 0*u + 25*u**2. What is the units digit of v(21)?
2
Let f(h) = 2751*h**3 - h**2 - 8*h + 17. Let v be f(2). Suppose 37*w - v = 24060. What is the units digit of w?
5
Suppose 66*s - 71*s + 20 = 0, -s = 2*i - 4670. What is the tens digit of i?
3
Let b(r) = -15*r**3 - 71*r**2 - 115*r - 28. Let j(v) = 7*v**3 + 34*v**2 + 58*v + 14. Let t(p) = 6*b(p) + 13*j(p). What is the units digit of t(-9)?
5
Let q = 32794 + -13307. What is the tens digit of q?
8
Suppose 296312 - 1017829 = -28*g + 500711. What is the ten thousands digit of g?
4
Suppose -1313 + 1317 = -4*c. What is the units digit of c/(-3) + (-27)/((-567)/26936)?
3
Let r be (-1 + 0)/((-9)/27). Suppose -r*g = -g + 56. What is the hundreds digit of (-4641)/g - (-1)/4?
1
Let p = 153 - 148. Suppose p*v - 151 = -5*l + 2*l, -175 = -5*v + 5*l. What is the tens digit of v?
3
Let n = 45 + -45. Suppose n = 4*g + 20, -2*d - 9*g + 6*g + 1289 = 0. What is the units digit of d?
2
Let x be 1376 + 11 + (-1 - 0). Let o = 2122 - x. What is the units digit of o?
6
Suppose 4*z - 60 = -5*m, -4*m + 22 = 3*z - 24. Let o(y) = -y - z*y**2 - 24 + 3*y**2 + 20*y**2 - 8*y**2. What is the tens digit of o(6)?
5
Let q(i) = 1804*i**2 + 12*i - 13. What is the thousands digit of q(2)?
7
Suppose -6*g = -28 - 2. Suppose 2*n = g*a - 9, 4*a = -5*n + 9*a. Let f(m) = 4*m**3 - 3*m**2 - 4*m + 4. What is the units digit of f(n)?
3
Let q = 1679 - -2176. What is the thousands digit of q?
3
Let r(c) = -2*c**3 - 16*c**2 - 46*c + 5. Let y be r(-13). Suppose -2*b = 2*u - 5*u - y, 5*b + u = 5758. What is the thousands digit of b?
1
Let p = 410 + -446. What is the units digit of (-1)/(((-6)/p)/((-235)/10))?
1
Suppose -576 = 19*y + 944. What is the units digit of y*((-1305)/116 + 2/(-8))?
0
Let x(u) = 4*u**3 + 7*u**2 - 3*u - 13. Let i be x(-3). What is the units digit of 3 + (-13601)/i + (-6)/(-14)?
1
Suppose 1347900 = -198*a + 273*a. What is the units digit of a?
2
Let q(d) = 759*d - 760*d + 0 + 0. Let a be q(-5). Suppose -2*h + 3*h - y = 99, -4*y = -a*h + 500. What is the units digit of h?
4
Suppose -3*q + 6064 = 3*r + r, 2*r + 8078 = 4*q. Let i be ((-2)/(-3))/(-3 + q/672). Let l = -39 + i. What is the tens digit of l?
7
Let f be 2/(-6)*(-3 - -3)*1. Let y(g) = g**2 + 2*g + 610. What is the units digit of y(f)?
0
Suppose 3*f = u - 126, -2*u - 4*f = -u - 140. Suppose -w = -4*m + u, -18 - 15 = -m - w. What is the units digit of m?
3
Let q(x) = -3*x - 1. Let a be q(-1). Let z = 8 - a. Let v(t) = 4*t + 7. What is the units digit of v(z)?
1
Suppose -10*f + 14*f - 3098 = -b, -2*f = -12. What is the tens digit of b?
7
Let k = 516 + -325. Let m = k - 167. What is the tens digit of m?
2
Let y = 553 + -314. Let q = 1112 - y. What is the units digit of q?
3
Let w(h) = 5*h + 14. Let l(g) = 51*g + 141. Let t(p) = -2*l(p) + 21*w(p). Let i be t(-9). What is the units digit of (-80)/i*(-138)/(-8)?
2
Let o = 4386 + -1571. What is the thousands digit of o?
2
Suppose 24*g + 4*p = 21*g + 8603, -14373 = -5*g + 2*p. What is the hundreds digit of g?
8
Suppose -465761 = -29*c - 0*c - 64749. What is the ten thousands digit of c?
1
Suppose -11*w + 34*w - 78118 + 2609 = 0. What is the tens digit of w?
8
Let m = 138 - 95. Let o = 41 - m. What is the units digit of -50*(12/8 + o)?
5
What is the tens digit of ((-270)/(-8 + 17))/((-15)/295)?
9
Let o(w) = w**2 + 11*w - 4. Let m be o(-11). Let a be (-10)/m*(-12)/(-10). What is the tens digit of a*13/(-4)*4/(-3)?
1
Let i be 6 - ((-1)/(-1))/(33/(-34881)). What is the tens digit of i*4/10 - (-15)/(-75)?
2
Suppose -4*l + 5*d = -55252, 9*l = 6*l + 4*d + 41440. What is the tens digit of l?
0
Let j(q) = 3*q**2 - 113*q + 7739. What is the ten thousands digit of j(127)?
4
Let p be (2/4)/(1/8). Let f be (-6)/45*-1 - (-4160)/300. Suppose b = f + p. What is the units digit of b?
8
Let t = 0 + 5. Suppose -124*p + 122*p = -5*k - 1754, 5*k + 4400 = 5*p. Suppose -t*c + p = -148. What is the hundreds digit of c?
2
Let g = 120 + -118. Suppose 49 = g*p + 41. Suppose 5*k - p*k - 3*h - 74 = 0, -1 = h. What is the tens digit of k?
7
Suppose -3*u + 951 = -4*b + 87, 2*u - 2*b = 578. Suppose 4*c - 3*c = -4, u = 5*m + 2*c. Suppose 210 = l + m. What is the tens digit of l?
5
Let f = -11508 - -16786. Suppose 0 = 2*b - f + 1502. What is the tens digit of (-3 + 0)/(-6*8/b)?
1
Suppose -d + 4240 = -5*l + 1423, -5574 = -2*d - 5*l. Suppose -16*o + d = -8995. What is the hundreds digit of o?
7
Suppose 3*m - 22474 = p, 4*m = 4*p + 25910 + 4042. What is the hundreds digit of m?
4
Suppose 3*z + 1225 = 4*p, 5*p - 5*z - 2025 = -490. Let l = 15 + p. Let w = l - 142. What is the hundreds digit of w?
1
L